{"version":"1.0","provider_name":"Arpenter le chemin","provider_url":"https:\/\/arpenterlechemin.com","author_name":"Audrey","author_url":"https:\/\/arpenterlechemin.com\/index.php\/author\/audreyf\/","title":"FRANCE \/\/ L'Aveyron, terre de tradition et d'\u00e9motion - Arpenter le chemin","type":"rich","width":600,"height":338,"html":"<blockquote class=\"wp-embedded-content\" data-secret=\"o60k34eIfQ\"><a href=\"https:\/\/arpenterlechemin.com\/index.php\/2018\/05\/09\/aveyron-pays-emotion\/\">FRANCE \/\/ L&rsquo;Aveyron, terre de tradition et d&rsquo;\u00e9motion<\/a><\/blockquote><iframe sandbox=\"allow-scripts\" security=\"restricted\" src=\"https:\/\/arpenterlechemin.com\/index.php\/2018\/05\/09\/aveyron-pays-emotion\/embed\/#?secret=o60k34eIfQ\" width=\"600\" height=\"338\" title=\"\u00ab\u00a0FRANCE \/\/ L&rsquo;Aveyron, terre de tradition et d&rsquo;\u00e9motion\u00a0\u00bb &#8212; Arpenter le chemin\" data-secret=\"o60k34eIfQ\" frameborder=\"0\" marginwidth=\"0\" marginheight=\"0\" scrolling=\"no\" class=\"wp-embedded-content\"><\/iframe><script type=\"text\/javascript\">\n\/*! This file is auto-generated *\/\n!function(c,d){\"use strict\";var e=!1,o=!1;if(d.querySelector)if(c.addEventListener)e=!0;if(c.wp=c.wp||{},c.wp.receiveEmbedMessage);else if(c.wp.receiveEmbedMessage=function(e){var t=e.data;if(!t);else if(!(t.secret||t.message||t.value));else if(\/[^a-zA-Z0-9]\/.test(t.secret));else{for(var r,s,a,i=d.querySelectorAll('iframe[data-secret=\"'+t.secret+'\"]'),n=d.querySelectorAll('blockquote[data-secret=\"'+t.secret+'\"]'),o=new RegExp(\"^https?:$\",\"i\"),l=0;l<n.length;l++)n[l].style.display=\"none\";for(l=0;l<i.length;l++)if(r=i[l],e.source!==r.contentWindow);else{if(r.removeAttribute(\"style\"),\"height\"===t.message){if(1e3<(s=parseInt(t.value,10)))s=1e3;else if(~~s<200)s=200;r.height=s}if(\"link\"===t.message)if(s=d.createElement(\"a\"),a=d.createElement(\"a\"),s.href=r.getAttribute(\"src\"),a.href=t.value,!o.test(a.protocol));else if(a.host===s.host)if(d.activeElement===r)c.top.location.href=t.value}}},e)c.addEventListener(\"message\",c.wp.receiveEmbedMessage,!1),d.addEventListener(\"DOMContentLoaded\",t,!1),c.addEventListener(\"load\",t,!1);function t(){if(o);else{o=!0;for(var e,t,r,s=-1!==navigator.appVersion.indexOf(\"MSIE 10\"),a=!!navigator.userAgent.match(\/Trident.*rv:11\\.\/),i=d.querySelectorAll(\"iframe.wp-embedded-content\"),n=0;n<i.length;n++){if(!(r=(t=i[n]).getAttribute(\"data-secret\")))r=Math.random().toString(36).substr(2,10),t.src+=\"#?secret=\"+r,t.setAttribute(\"data-secret\",r);if(s||a)(e=t.cloneNode(!0)).removeAttribute(\"security\"),t.parentNode.replaceChild(e,t);t.contentWindow.postMessage({message:\"ready\",secret:r},\"*\")}}}}(window,document);\n<\/script>\n","thumbnail_url":"https:\/\/arpenterlechemin.com\/wp-content\/uploads\/2018\/05\/Aveyron-Millau-salon-blogueurs-de-voyage-Arpenter-le-chemin-1024x576.jpg","thumbnail_width":1024,"thumbnail_height":576,"description":"La semaine que je viens de passer en Aveyron a laiss\u00e9 son empreinte dans ma g\u00e9ographie personnelle. Le soleil est encore bien pr\u00e9sent dans mon humeur, tant cette escapade touchait \u00e0 la perfection. M\u00e9t\u00e9o irr\u00e9prochable, bonne compagnie, richesse des visites et gastronomie succulente&#8230;. Je reviens dans la grisaille de mon printemps canadien avec l&rsquo;impression d&rsquo;avoir d\u00e9couvert un vrai beau pan de France, entre accent chantant et canyons occitans, villages templiers et beaut\u00e9s bien gard\u00e9es. Voici toute la palette des \u00e9motions de cette semaine dans l&rsquo;Aveyron. La d\u00e9mesure, devant le viaduc"}

FRANCE // L'Aveyron, terre de tradition et d'émotion - Arpenter le chemin

<blockquote class="wp-embedded-content" data-secret="o60k34eIfQ"><a href="https://arpenterlechemin.com/index.php/2018/05/09/aveyron-pays-emotion/">FRANCE // L&rsquo;Aveyron, terre de tradition et d&rsquo;émotion</a></blockquote><iframe sandbox="allow-scripts" security="restricted" src="https://arpenterlechemin.com/index.php/2018/05/09/aveyron-pays-emotion/embed/#?secret=o60k34eIfQ" width="600" height="338" title="« FRANCE // L&rsquo;Aveyron, terre de tradition et d&rsquo;émotion » &#8212; Arpenter le chemin" data-secret="o60k34eIfQ" frameborder="0" marginwidth="0" marginheight="0" scrolling="no" class="wp-embedded-content"></iframe><script type="text/javascript">
/*! This file is auto-generated */
!function(c,d){"use strict";var e=!1,o=!1;if(d.querySelector)if(c.addEventListener)e=!0;if(c.wp=c.wp||{},c.wp.receiveEmbedMessage);else if(c.wp.receiveEmbedMessage=function(e){var t=e.data;if(!t);else if(!(t.secret||t.message||t.value));else if(/[^a-zA-Z0-9]/.test(t.secret));else{for(var r,s,a,i=d.querySelectorAll('iframe[data-secret="'+t.secret+'"]'),n=d.querySelectorAll('blockquote[data-secret="'+t.secret+'"]'),o=new RegExp("^https?:$","i"),l=0;l<n.length;l++)n[l].style.display="none";for(l=0;l<i.length;l++)if(r=i[l],e.source!==r.contentWindow);else{if(r.removeAttribute("style"),"height"===t.message){if(1e3<(s=parseInt(t.value,10)))s=1e3;else if(~~s<200)s=200;r.height=s}if("link"===t.message)if(s=d.createElement("a"),a=d.createElement("a"),s.href=r.getAttribute("src"),a.href=t.value,!o.test(a.protocol));else if(a.host===s.host)if(d.activeElement===r)c.top.location.href=t.value}}},e)c.addEventListener("message",c.wp.receiveEmbedMessage,!1),d.addEventListener("DOMContentLoaded",t,!1),c.addEventListener("load",t,!1);function t(){if(o);else{o=!0;for(var e,t,r,s=-1!==navigator.appVersion.indexOf("MSIE 10"),a=!!navigator.userAgent.match(/Trident.*rv:11\./),i=d.querySelectorAll("iframe.wp-embedded-content"),n=0;n<i.length;n++){if(!(r=(t=i[n]).getAttribute("data-secret")))r=Math.random().toString(36).substr(2,10),t.src+="#?secret="+r,t.setAttribute("data-secret",r);if(s||a)(e=t.cloneNode(!0)).removeAttribute("security"),t.parentNode.replaceChild(e,t);t.contentWindow.postMessage({message:"ready",secret:r},"*")}}}}(window,document);
</script>

La semaine que je viens de passer en Aveyron a laissé son empreinte dans ma géographie personnelle. Le soleil est encore bien présent dans mon humeur, tant cette escapade touchait à la perfection. Météo irréprochable, bonne compagnie, richesse des visites et gastronomie succulente&#8230;. Je reviens dans la grisaille de mon printemps canadien avec l&rsquo;impression d&rsquo;avoir découvert un vrai beau pan de France, entre accent chantant et canyons occitans, villages templiers et beautés bien gardées. Voici toute la palette des émotions de cette semaine dans l&rsquo;Aveyron. La démesure, devant le viaduc
