{"version":"1.0","provider_name":"Arpenter le chemin","provider_url":"https:\/\/arpenterlechemin.com","author_name":"Audrey","author_url":"https:\/\/arpenterlechemin.com\/index.php\/author\/audreyf\/","title":"Voyager en van : id\u00e9es et astuces de voyageurs - Arpenter le chemin","type":"rich","width":600,"height":338,"html":"<blockquote class=\"wp-embedded-content\" data-secret=\"KE4L3YSqWa\"><a href=\"https:\/\/arpenterlechemin.com\/index.php\/2017\/08\/14\/voyager-en-van-idees-et-astuces-de-voyageurs\/\">Voyager en van : id\u00e9es et astuces de voyageurs<\/a><\/blockquote><iframe sandbox=\"allow-scripts\" security=\"restricted\" src=\"https:\/\/arpenterlechemin.com\/index.php\/2017\/08\/14\/voyager-en-van-idees-et-astuces-de-voyageurs\/embed\/#?secret=KE4L3YSqWa\" width=\"600\" height=\"338\" title=\"\u00ab\u00a0Voyager en van : id\u00e9es et astuces de voyageurs\u00a0\u00bb &#8212; Arpenter le chemin\" data-secret=\"KE4L3YSqWa\" frameborder=\"0\" marginwidth=\"0\" marginheight=\"0\" scrolling=\"no\" class=\"wp-embedded-content\"><\/iframe><script type=\"text\/javascript\">\n\/*! This file is auto-generated *\/\n!function(c,d){\"use strict\";var e=!1,o=!1;if(d.querySelector)if(c.addEventListener)e=!0;if(c.wp=c.wp||{},c.wp.receiveEmbedMessage);else if(c.wp.receiveEmbedMessage=function(e){var t=e.data;if(!t);else if(!(t.secret||t.message||t.value));else if(\/[^a-zA-Z0-9]\/.test(t.secret));else{for(var r,s,a,i=d.querySelectorAll('iframe[data-secret=\"'+t.secret+'\"]'),n=d.querySelectorAll('blockquote[data-secret=\"'+t.secret+'\"]'),o=new RegExp(\"^https?:$\",\"i\"),l=0;l<n.length;l++)n[l].style.display=\"none\";for(l=0;l<i.length;l++)if(r=i[l],e.source!==r.contentWindow);else{if(r.removeAttribute(\"style\"),\"height\"===t.message){if(1e3<(s=parseInt(t.value,10)))s=1e3;else if(~~s<200)s=200;r.height=s}if(\"link\"===t.message)if(s=d.createElement(\"a\"),a=d.createElement(\"a\"),s.href=r.getAttribute(\"src\"),a.href=t.value,!o.test(a.protocol));else if(a.host===s.host)if(d.activeElement===r)c.top.location.href=t.value}}},e)c.addEventListener(\"message\",c.wp.receiveEmbedMessage,!1),d.addEventListener(\"DOMContentLoaded\",t,!1),c.addEventListener(\"load\",t,!1);function t(){if(o);else{o=!0;for(var e,t,r,s=-1!==navigator.appVersion.indexOf(\"MSIE 10\"),a=!!navigator.userAgent.match(\/Trident.*rv:11\\.\/),i=d.querySelectorAll(\"iframe.wp-embedded-content\"),n=0;n<i.length;n++){if(!(r=(t=i[n]).getAttribute(\"data-secret\")))r=Math.random().toString(36).substr(2,10),t.src+=\"#?secret=\"+r,t.setAttribute(\"data-secret\",r);if(s||a)(e=t.cloneNode(!0)).removeAttribute(\"security\"),t.parentNode.replaceChild(e,t);t.contentWindow.postMessage({message:\"ready\",secret:r},\"*\")}}}}(window,document);\n<\/script>\n","thumbnail_url":"https:\/\/arpenterlechemin.com\/wp-content\/uploads\/2017\/08\/voyager-en-van.jpg","thumbnail_width":1986,"thumbnail_height":1490,"description":"Bonjour \u00e0 tous ! J&rsquo;esp\u00e8re que vous passez un \u00e9t\u00e9 rayonnant ! De mon c\u00f4t\u00e9 je prends souvent la route avec mon petit van, et malgr\u00e9 quelques impr\u00e9vus, je m&rsquo;amuse \u00e9norm\u00e9ment ! Un van de 27 ans, c&rsquo;est normal qu&rsquo;il y ait quelques anicroches, le d\u00e9marreur qui ne d\u00e9marre plus, la batterie qui l\u00e2che&#8230; La routine ! Je dois avouer que je me sens faire un peu partie d&rsquo;une grande communaut\u00e9 d\u00e9sormais, celle des nomades sur la route. Enfin, plut\u00f4t nomade \u00e0 la petite semaine. Ou juste voyageuse en van"}

Voyager en van : idées et astuces de voyageurs - Arpenter le chemin

<blockquote class="wp-embedded-content" data-secret="KE4L3YSqWa"><a href="https://arpenterlechemin.com/index.php/2017/08/14/voyager-en-van-idees-et-astuces-de-voyageurs/">Voyager en van : idées et astuces de voyageurs</a></blockquote><iframe sandbox="allow-scripts" security="restricted" src="https://arpenterlechemin.com/index.php/2017/08/14/voyager-en-van-idees-et-astuces-de-voyageurs/embed/#?secret=KE4L3YSqWa" width="600" height="338" title="« Voyager en van : idées et astuces de voyageurs » &#8212; Arpenter le chemin" data-secret="KE4L3YSqWa" frameborder="0" marginwidth="0" marginheight="0" scrolling="no" class="wp-embedded-content"></iframe><script type="text/javascript">
/*! This file is auto-generated */
!function(c,d){"use strict";var e=!1,o=!1;if(d.querySelector)if(c.addEventListener)e=!0;if(c.wp=c.wp||{},c.wp.receiveEmbedMessage);else if(c.wp.receiveEmbedMessage=function(e){var t=e.data;if(!t);else if(!(t.secret||t.message||t.value));else if(/[^a-zA-Z0-9]/.test(t.secret));else{for(var r,s,a,i=d.querySelectorAll('iframe[data-secret="'+t.secret+'"]'),n=d.querySelectorAll('blockquote[data-secret="'+t.secret+'"]'),o=new RegExp("^https?:$","i"),l=0;l<n.length;l++)n[l].style.display="none";for(l=0;l<i.length;l++)if(r=i[l],e.source!==r.contentWindow);else{if(r.removeAttribute("style"),"height"===t.message){if(1e3<(s=parseInt(t.value,10)))s=1e3;else if(~~s<200)s=200;r.height=s}if("link"===t.message)if(s=d.createElement("a"),a=d.createElement("a"),s.href=r.getAttribute("src"),a.href=t.value,!o.test(a.protocol));else if(a.host===s.host)if(d.activeElement===r)c.top.location.href=t.value}}},e)c.addEventListener("message",c.wp.receiveEmbedMessage,!1),d.addEventListener("DOMContentLoaded",t,!1),c.addEventListener("load",t,!1);function t(){if(o);else{o=!0;for(var e,t,r,s=-1!==navigator.appVersion.indexOf("MSIE 10"),a=!!navigator.userAgent.match(/Trident.*rv:11\./),i=d.querySelectorAll("iframe.wp-embedded-content"),n=0;n<i.length;n++){if(!(r=(t=i[n]).getAttribute("data-secret")))r=Math.random().toString(36).substr(2,10),t.src+="#?secret="+r,t.setAttribute("data-secret",r);if(s||a)(e=t.cloneNode(!0)).removeAttribute("security"),t.parentNode.replaceChild(e,t);t.contentWindow.postMessage({message:"ready",secret:r},"*")}}}}(window,document);
</script>

Bonjour à tous ! J&rsquo;espère que vous passez un été rayonnant ! De mon côté je prends souvent la route avec mon petit van, et malgré quelques imprévus, je m&rsquo;amuse énormément ! Un van de 27 ans, c&rsquo;est normal qu&rsquo;il y ait quelques anicroches, le démarreur qui ne démarre plus, la batterie qui lâche&#8230; La routine ! Je dois avouer que je me sens faire un peu partie d&rsquo;une grande communauté désormais, celle des nomades sur la route. Enfin, plutôt nomade à la petite semaine. Ou juste voyageuse en van
